s 6145123 a composite number?
False
Is 99697417 composite?
False
Is 3653063 a composite number?
True
Is 142971671 a composite number?
False
Is 376798241 prime?
False
Is 11263361 a composite number?
False
Is 1151083 composite?
False
Is 628106513 prime?
True
Is 41849557 a prime number?
False
Is 16843531 a composite number?
True
Is 103102 composite?
True
Is 1936453 prime?
False
Is 3606793 a prime number?
False
Is 1619831 prime?
True
Is 84555239 composite?
True
Is 5497267 prime?
True
Is 4261793 a composite number?
False
Is 15681847 composite?
False
Is 29306309 composite?
False
Is 1009559 a composite number?
False
Is 4778131 prime?
False
Is 38571415 prime?
False
Is 22074839 a prime number?
True
Is 23503687 a composite number?
False
Is 4369381 prime?
True
Is 9766033 a prime number?
True
Is 1911387 a prime number?
False
Is 29063519 prime?
True
Is 179898343 a composite number?
False
Is 76439569 composite?
True
Is 263611267 composite?
False
Is 8313331 a prime number?
False
Is 1585249 composite?
False
Is 35487743 prime?
True
Is 4807793 composite?
False
Is 10425553 a prime number?
True
Is 30628811 a composite number?
False
Is 167624557 a prime number?
True
Is 4777433 a prime number?
True
Is 171421733 a prime number?
False
Is 5452739 a composite number?
True
Is 768115 a prime number?
False
Is 27664502 a composite number?
True
Is 45443173 composite?
False
Is 5227673 composite?
True
Is 7515593 composite?
False
Is 7334263 prime?
False
Is 52713499 composite?
False
Is 53845087 prime?
True
Is 9472979 a composite number?
False
Is 35577365 a prime number?
False
Is 8254067 a composite number?
True
Is 32397463 a composite number?
True
Is 8278883 composite?
False
Is 14398211 a composite number?
False
Is 60509 a prime number?
True
Is 20590103 a prime number?
True
Is 215952257 composite?
False
Is 93945931 prime?
False
Is 268734091 prime?
True
Is 12039101 a prime number?
False
Is 77591 prime?
True
Is 782279 a prime number?
False
Is 25867277 a prime number?
False
Is 3044389 composite?
True
Is 170357219 a composite number?
True
Is 190974157 composite?
True
Is 8975491 a prime number?
False
Is 18773 composite?
False
Is 208051 a prime number?
False
Is 404867 prime?
False
Is 5109029 composite?
False
Is 1446631 composite?
True
Is 521285929 prime?
False
Is 14843447 composite?
True
Is 541930013 a composite number?
False
Is 10594531 a composite number?
False
Is 3087619 a prime number?
True
Is 1123699 a prime number?
True
Is 1099571 a composite number?
True
Is 2856169 prime?
False
Is 1900619 a prime number?
False
Is 5474314 a composite number?
True
Is 204085649 a prime number?
True
Is 5032481 prime?
False
Is 139813 composite?
False
Is 25445851 a composite number?
False
Is 639876703 a composite number?
True
Is 8244781 prime?
True
Is 3185243 composite?
False
Is 11305631 prime?
True
Is 312873449 composite?
True
Is 205318889 a prime number?
False
Is 310596401 prime?
False
Is 2143463 prime?
False
Is 159596755 prime?
False
Is 2670971 prime?
False
Is 4709555 a prime number?
False
Is 1678237 prime?
False
Is 19836043 a composite number?
False
Is 5428487 a composite number?
False
Is 3607261 composite?
True
Is 56674939 a prime number?
True
Is 4747427 composite?
False
Is 2196449 a composite number?
False
Is 29943791 a composite number?
True
Is 1108021 a prime number?
True
Is 6270853 a prime number?
False
Is 429472073 a prime number?
True
Is 474578971 a composite number?
False
Is 75303571 a composite number?
True
Is 29623733 a composite number?
True
Is 273820705 a prime number?
False
Is 71014147 prime?
True
Is 66150013 a composite number?
True
Is 185021 a composite number?
False
Is 5403287 a prime number?
False
Is 30199891 composite?
False
Is 8691019 prime?
True
Is 34563281 composite?
True
Is 193643845 a prime number?
False
Is 28747163 a prime number?
True
Is 479042 a prime number?
False
Is 10679611 prime?
False
Is 4948829 a composite number?
False
Is 2448311 a prime number?
True
Is 893479 prime?
True
Is 7476263 prime?
True
Is 45009901 prime?
True
Is 298620013 prime?
False
Is 690941 prime?
False
Is 37321609 prime?
False
Is 369551635 a prime number?
False
Is 33172093 a prime number?
True
Is 406218467 composite?
False
Is 1894901 a prime number?
False
Is 43496753 prime?
True
Is 5150333 prime?
True
Is 230539 a composite number?
False
Is 12155057 composite?
False
Is 104771281 composite?
True
Is 5583155 prime?
False
Is 2464679 prime?
False
Is 133398011 a composite number?
True
Is 857809 prime?
True
Is 10132737 a composite number?
True
Is 9809447 a composite number?
False
Is 36952259 prime?
True
Is 1136521 a prime number?
False
Is 3830017 a composite number?
False
Is 838391 composite?
False
Is 18187441 a composite number?
False
Is 15092221 composite?
False
Is 4593367 a composite number?
False
Is 78677737 a prime number?
True
Is 875603 a prime number?
False
Is 5206963 prime?
True
Is 168143093 composite?
False
Is 215403863 prime?
False
Is 317225245 a prime number?
False
Is 10515814 prime?
False
Is 634332913 composite?
False
Is 10738913 composite?
True
Is 1804043 a composite number?
True
Is 945017 prime?
False
Is 45704377 a prime number?
False
Is 161436761 a prime number?
False
Is 5939665 a composite number?
True
Is 88051 a prime number?
False
Is 28270807 a composite number?
True
Is 1598341 a composite number?
False
Is 38434007 a prime number?
False
Is 129171077 a prime number?
False
Is 5622469 prime?
False
Is 2716666 composite?
True
Is 1813121 prime?
True
Is 78177049 a prime number?
False
Is 6922577 a composite number?
False
Is 131357 a prime number?
True
Is 15343541 prime?
False
Is 18920806 a prime number?
False
Is 19031471 a prime number?
True
Is 35282209 composite?
False
Is 17702031 a prime number?
False
Is 79291081 a composite number?
True
Is 32896957 composite?
False
Is 3540661 composite?
False
Is 55702909 composite?
False
Is 4535723 a prime number?
False
Is 26086721 a composite number?
True
Is 44316361 a prime number?
False
Is 22697561 a prime number?
True
Is 9656047 a prime number?
False
Is 386219 prime?
True
Is 5789155 a composite number?
True
Is 255362269 a composite number?
False
Is 117416171 composite?
False
Is 431047 composite?
False
Is 124982021 a composite number?
False
Is 9991747 a composite number?
True
Is 321923 a composite number?
True
Is 14264413 composite?
True
Is 1205387 composite?
False
Is 241642919 a prime number?
False
Is 8191867 a prime number?
True
Is 13422397 a prime number?
True
Is 152987111 a prime number?
True
Is 993913 a prime number?
True
Is 1933369 a composite number?
True
Is 25581937 a composite number?
False
Is 97265939 prime?
True
Is 3923399 composite?
False
Is 3976927 a composite number?
False
Is 4394105 a prime number?
False
Is 140812307 composite?
False
Is 291337817 a prime number?
False
Is 1267619 composite?
True
Is 19972259 a composite number?
False
Is 15053777 composite?
False
Is 23109343 composite?
False
Is 3040585 a prime number?
False
Is 7760497 composite?
False
Is 5413439 a prime number?
True
Is 89335091 prime?
True
Is 57025589 composite?
False
Is 2603617 a composite number?
False
Is 46893869 a prime number?
False
Is 2944279 a prime number?
False
Is 26404559 a composite number?
False
Is 6619573 a composite number?
True
Is 4130978 a prime number?
False
Is 1923979 a prime number?
True
Is 4339571 a composite number?
True
Is 8291879 a prime number?
True
Is 2773673 prime?
False
Is 1017157 composite?
False
Is 136443 a composite number?
True
Is 4528127 a composite number?
True
Is 9737909 prime?
False
Is 53526493 a composite number?
True
Is 34943933 a prime number?
True
Is 15831713 composite?
False
Is 9898697 composite?
False
Is 24990347 prime?
True
Is 11658739 a prime number?
True
Is 1560463 prime?
False
Is 27110299 prime?
True
Is 160522459 a composite number?
False
Is 2324386 a composite number?
True
Is 501390103 prime?
True
Is 35141731 a composite number?
True
Is 27323039 a composite number?
False
Is 1056543623 prime?
False
Is 7141319 a composite number?
False
Is 65728727 a composite number?
False
Is 614113 a composite number?
False
Is 1447471 a composite number?
False
Is 96139293 prime?
False
Is 1154267 a prime number?
True
Is 8514461 a prime number?
False
Is 53061557 composite?
True
Is 82572379 prime?
True
Is 2724367 a prime number?
True
Is 5431793 compo